{"id":97,"date":"2019-05-26T17:56:12","date_gmt":"2019-05-26T21:56:12","guid":{"rendered":"http:\/\/escuelajoyas.cl\/?page_id=97"},"modified":"2025-06-12T12:32:32","modified_gmt":"2025-06-12T16:32:32","slug":"valores","status":"publish","type":"page","link":"https:\/\/escuelajoyas.cl\/index.php\/valores\/","title":{"rendered":"VALORES"},"content":{"rendered":"\t\t<div data-elementor-type=\"wp-post\" data-elementor-id=\"97\" class=\"elementor elementor-97\">\n\t\t\t\t\t\t<section class=\"elementor-section elementor-top-section elementor-element elementor-element-eea6831 elementor-section-stretched elementor-section-boxed elementor-section-height-default elementor-section-height-default\" data-id=\"eea6831\" data-element_type=\"section\" data-e-type=\"section\" data-settings=\"{&quot;stretch_section&quot;:&quot;section-stretched&quot;}\">\n\t\t\t\t\t\t<div class=\"elementor-container elementor-column-gap-narrow\">\n\t\t\t\t\t<div class=\"elementor-column elementor-col-33 elementor-top-column elementor-element elementor-element-b663cd9\" data-id=\"b663cd9\" data-element_type=\"column\" data-e-type=\"column\">\n\t\t\t<div class=\"elementor-widget-wrap elementor-element-populated\">\n\t\t\t\t\t\t<div class=\"elementor-element elementor-element-140c2ca animated-slow elementor-invisible elementor-widget elementor-widget-obfx-pricing-table\" data-id=\"140c2ca\" data-element_type=\"widget\" data-e-type=\"widget\" data-settings=\"{&quot;_animation&quot;:&quot;fadeIn&quot;}\" data-widget_type=\"obfx-pricing-table.default\">\n\t\t\t\t<div class=\"elementor-widget-container\">\n\t\t\t\t\t<div class=\"obfx-pricing-table-wrapper\"><div class=\"obfx-title-wrapper\"><h3 class=\"obfx-pricing-table-title\">Nivel 1<\/h3><p class=\"obfx-pricing-table-subtitle\">Principiante<\/p><\/div> <!-- \/.obfx-title-wrapper --><div class=\"obfx-price-wrapper\"><span class=\"obfx-price-currency\">$<\/span><span class=\"obfx-price\">100.000<\/span><span class=\"obfx-pricing-period\">\/mes<\/span><\/div> <!-- \/.obfx-price-wrapper --><ul class=\"obfx-feature-list\"><li><i class=\"obfx-pricing-table-feature-icon fa fa-check\"><\/i><span class=\"obfx-pricing-table-accented\">Preparaci\u00f3n del metal<\/span> <\/li><li><i class=\"obfx-pricing-table-feature-icon fa fa-check\"><\/i><span class=\"obfx-pricing-table-accented\">Proporciones para aleaciones<\/span> <\/li><li><i class=\"obfx-pricing-table-feature-icon fa fa-check\"><\/i><span class=\"obfx-pricing-table-accented\">Preparaci\u00f3n y fundici\u00f3n del metal<\/span> <\/li><li><i class=\"obfx-pricing-table-feature-icon fa fa-check\"><\/i><span class=\"obfx-pricing-table-accented\">Vaciado del lingote para laminar<\/span> <\/li><li><i class=\"obfx-pricing-table-feature-icon fa fa-check\"><\/i><span class=\"obfx-pricing-table-accented\">Fundici\u00f3n y vaciado para alambre<\/span> <\/li><li><i class=\"obfx-pricing-table-feature-icon fa fa-check\"><\/i><span class=\"obfx-pricing-table-accented\">Laminado para lamina y alambre<\/span> <\/li><li><i class=\"obfx-pricing-table-feature-icon fa fa-check\"><\/i><span class=\"obfx-pricing-table-accented\">Uso de herramientas b\u00e1sicas<\/span> <\/li><li><i class=\"obfx-pricing-table-feature-icon fa fa-check\"><\/i><span class=\"obfx-pricing-table-accented\">Soldadura b\u00e1sica<\/span> <\/li><li><i class=\"obfx-pricing-table-feature-icon fa fa-check\"><\/i><span class=\"obfx-pricing-table-accented\">Confecci\u00f3n de joya con lo aprendido<\/span> <\/li><\/ul><div class=\"obfx-pricing-table-button-wrapper\"><a class=\"obfx-pricing-table-button\" href=\"https:\/\/bongainjoyas.cl\/clases-de-joyeria-bongainjoyas\/\"><span class=\"obfx-button-icon-align-left\"><i class=\"\" aria-hidden=\"true\"><\/i><\/span><span class=\"elementor-button-text\">Inscribirte<\/span><\/a><\/div> <!-- \/.obfx-pricing-table-button-wrapper --><\/div> <!-- \/.obfx-pricing-table-wrapper -->\t\t\t\t<\/div>\n\t\t\t\t<\/div>\n\t\t\t\t\t<\/div>\n\t\t<\/div>\n\t\t\t\t<div class=\"elementor-column elementor-col-33 elementor-top-column elementor-element elementor-element-e6bb872\" data-id=\"e6bb872\" data-element_type=\"column\" data-e-type=\"column\">\n\t\t\t<div class=\"elementor-widget-wrap elementor-element-populated\">\n\t\t\t\t\t\t<div class=\"elementor-element elementor-element-53feb9c animated-slow elementor-invisible elementor-widget elementor-widget-obfx-pricing-table\" data-id=\"53feb9c\" data-element_type=\"widget\" data-e-type=\"widget\" data-settings=\"{&quot;_animation&quot;:&quot;fadeIn&quot;}\" data-widget_type=\"obfx-pricing-table.default\">\n\t\t\t\t<div class=\"elementor-widget-container\">\n\t\t\t\t\t<div class=\"obfx-pricing-table-wrapper\"><div class=\"obfx-title-wrapper\"><h3 class=\"obfx-pricing-table-title\">Nivel 2<\/h3><p class=\"obfx-pricing-table-subtitle\">Intermedio<\/p><\/div> <!-- \/.obfx-title-wrapper --><div class=\"obfx-price-wrapper\"><span class=\"obfx-price-currency\">$<\/span><span class=\"obfx-price\">100.000<\/span><span class=\"obfx-pricing-period\">\/mes<\/span><\/div> <!-- \/.obfx-price-wrapper --><ul class=\"obfx-feature-list\"><li><i class=\"obfx-pricing-table-feature-icon fa fa-check\"><\/i><span class=\"obfx-pricing-table-accented\">Fabricaci\u00f3n de soldaduras<\/span> <\/li><li><i class=\"obfx-pricing-table-feature-icon fa fa-check\"><\/i><span class=\"obfx-pricing-table-accented\">Soldadura intermedia<\/span> <\/li><li><i class=\"obfx-pricing-table-feature-icon fa fa-check\"><\/i><span class=\"obfx-pricing-table-accented\">Terminaciones finas<\/span> <\/li><li><i class=\"obfx-pricing-table-feature-icon fa fa-check\"><\/i><span class=\"obfx-pricing-table-accented\">Engaste b\u00e1sico de cabuchon<\/span> <\/li><li><i class=\"obfx-pricing-table-feature-icon fa fa-check\"><\/i><span class=\"obfx-pricing-table-accented\">Biseles para relleno con resina<\/span> <\/li><li><i class=\"obfx-pricing-table-feature-icon fa fa-check\"><\/i><span class=\"obfx-pricing-table-accented\">Confecci\u00f3n de joya con lo aprendido<\/span> <\/li><\/ul><div class=\"obfx-pricing-table-button-wrapper\"><a class=\"obfx-pricing-table-button\" href=\"https:\/\/bongainjoyas.cl\/clases-de-joyeria-bongainjoyas\/\"><span class=\"obfx-button-icon-align-left\"><i class=\"\" aria-hidden=\"true\"><\/i><\/span><span class=\"elementor-button-text\">Inscribirte<\/span><\/a><\/div> <!-- \/.obfx-pricing-table-button-wrapper --><\/div> <!-- \/.obfx-pricing-table-wrapper -->\t\t\t\t<\/div>\n\t\t\t\t<\/div>\n\t\t\t\t\t<\/div>\n\t\t<\/div>\n\t\t\t\t<div class=\"elementor-column elementor-col-33 elementor-top-column elementor-element elementor-element-822c1da\" data-id=\"822c1da\" data-element_type=\"column\" data-e-type=\"column\">\n\t\t\t<div class=\"elementor-widget-wrap elementor-element-populated\">\n\t\t\t\t\t\t<div class=\"elementor-element elementor-element-5837cc0 animated-slow elementor-invisible elementor-widget elementor-widget-obfx-pricing-table\" data-id=\"5837cc0\" data-element_type=\"widget\" data-e-type=\"widget\" data-settings=\"{&quot;_animation&quot;:&quot;fadeIn&quot;}\" data-widget_type=\"obfx-pricing-table.default\">\n\t\t\t\t<div class=\"elementor-widget-container\">\n\t\t\t\t\t<div class=\"obfx-pricing-table-wrapper\"><div class=\"obfx-title-wrapper\"><h3 class=\"obfx-pricing-table-title\">Nivel 3<\/h3><p class=\"obfx-pricing-table-subtitle\">Avanzado<\/p><\/div> <!-- \/.obfx-title-wrapper --><div class=\"obfx-price-wrapper\"><span class=\"obfx-price-currency\">$<\/span><span class=\"obfx-price\">100.000<\/span><span class=\"obfx-pricing-period\">\/mes<\/span><\/div> <!-- \/.obfx-price-wrapper --><ul class=\"obfx-feature-list\"><li><i class=\"obfx-pricing-table-feature-icon fa fa-check\"><\/i><span class=\"obfx-pricing-table-accented\">Joya con volumen<\/span> <\/li><li><i class=\"obfx-pricing-table-feature-icon fa fa-check\"><\/i><span class=\"obfx-pricing-table-accented\">Encamisado de anillos<\/span> <\/li><li><i class=\"obfx-pricing-table-feature-icon fa fa-check\"><\/i><span class=\"obfx-pricing-table-accented\">Bisagras y mecanismos<\/span> <\/li><li><i class=\"obfx-pricing-table-feature-icon fa fa-check\"><\/i><span class=\"obfx-pricing-table-accented\">Soldadura avanzada<\/span> <\/li><li><i class=\"obfx-pricing-table-feature-icon fa fa-check\"><\/i><span class=\"obfx-pricing-table-accented\">Engaste b\u00e1sico de circ\u00f3n<\/span> <\/li><li><i class=\"obfx-pricing-table-feature-icon fa fa-check\"><\/i><span class=\"obfx-pricing-table-accented\">Confecci\u00f3n de galer\u00edas en joyas<\/span> <\/li><li><i class=\"obfx-pricing-table-feature-icon fa fa-check\"><\/i><span class=\"obfx-pricing-table-accented\">Confecci\u00f3n de joya con lo aprendido<\/span> <\/li><\/ul><div class=\"obfx-pricing-table-button-wrapper\"><a class=\"obfx-pricing-table-button\" href=\"https:\/\/bongainjoyas.cl\/clases-de-joyeria-bongainjoyas\/\"><span class=\"obfx-button-icon-align-left\"><i class=\"\" aria-hidden=\"true\"><\/i><\/span><span class=\"elementor-button-text\">Inscribirte<\/span><\/a><\/div> <!-- \/.obfx-pricing-table-button-wrapper --><\/div> <!-- \/.obfx-pricing-table-wrapper -->\t\t\t\t<\/div>\n\t\t\t\t<\/div>\n\t\t\t\t\t<\/div>\n\t\t<\/div>\n\t\t\t\t\t<\/div>\n\t\t<\/section>\n\t\t\t\t<section class=\"elementor-section elementor-top-section elementor-element elementor-element-644ee81 elementor-section-boxed elementor-section-height-default elementor-section-height-default\" data-id=\"644ee81\" data-element_type=\"section\" data-e-type=\"section\">\n\t\t\t\t\t\t<div class=\"elementor-container elementor-column-gap-default\">\n\t\t\t\t\t<div class=\"elementor-column elementor-col-100 elementor-top-column elementor-element elementor-element-91c8694\" data-id=\"91c8694\" data-element_type=\"column\" data-e-type=\"column\">\n\t\t\t<div class=\"elementor-widget-wrap elementor-element-populated\">\n\t\t\t\t\t\t<div class=\"elementor-element elementor-element-039c29e elementor-widget elementor-widget-heading\" data-id=\"039c29e\" data-element_type=\"widget\" data-e-type=\"widget\" data-widget_type=\"heading.default\">\n\t\t\t\t<div class=\"elementor-widget-container\">\n\t\t\t\t\t<h2 class=\"elementor-heading-title elementor-size-medium\">(*) El precio mensual considera 4 clases de 3 horas cada una, en horario a elecci\u00f3n.<\/h2>\t\t\t\t<\/div>\n\t\t\t\t<\/div>\n\t\t\t\t\t<\/div>\n\t\t<\/div>\n\t\t\t\t\t<\/div>\n\t\t<\/section>\n\t\t\t\t<section class=\"elementor-section elementor-top-section elementor-element elementor-element-cee85eb elementor-section-boxed elementor-section-height-default elementor-section-height-default\" data-id=\"cee85eb\" data-element_type=\"section\" data-e-type=\"section\">\n\t\t\t\t\t\t<div class=\"elementor-container elementor-column-gap-default\">\n\t\t\t\t\t<div class=\"elementor-column elementor-col-100 elementor-top-column elementor-element elementor-element-6d6d6d6\" data-id=\"6d6d6d6\" data-element_type=\"column\" data-e-type=\"column\">\n\t\t\t<div class=\"elementor-widget-wrap elementor-element-populated\">\n\t\t\t\t\t\t<div class=\"elementor-element elementor-element-15b3736 elementor-widget elementor-widget-text-editor\" data-id=\"15b3736\" data-element_type=\"widget\" data-e-type=\"widget\" data-widget_type=\"text-editor.default\">\n\t\t\t\t<div class=\"elementor-widget-container\">\n\t\t\t\t\t\t\t\t\t<p><\/p>\n<h2 class=\"wp-block-heading\">Matricula:<\/h2>\n<p><\/p>\n<p><\/p>\n<p>La matricula tiene un valor de $20.000, la cual se paga s\u00f3lo una vez. Junto con la matricula e inscripci\u00f3n en el curso, se hace entrega de 10 gramos de plata para ser utilizados en la realizaci\u00f3n del curso.<\/p>\n<p><\/p>\n<p><\/p>\n<p><\/p>\n<p><\/p>\n<p><\/p>\n<h2 class=\"wp-block-heading\"><\/h2>\n<p><\/p>\t\t\t\t\t\t\t\t<\/div>\n\t\t\t\t<\/div>\n\t\t\t\t\t<\/div>\n\t\t<\/div>\n\t\t\t\t\t<\/div>\n\t\t<\/section>\n\t\t\t\t<\/div>\n\t\t","protected":false},"excerpt":{"rendered":"<p>Nivel 1 Principiante $100.000\/mes Preparaci\u00f3n del metal Proporciones para aleaciones Preparaci\u00f3n y fundici\u00f3n del metal Vaciado del lingote para laminar Fundici\u00f3n y vaciado para alambre Laminado para lamina y alambre Uso de herramientas b\u00e1sicas Soldadura b\u00e1sica Confecci\u00f3n de joya con lo aprendido Inscribirte Nivel 2 Intermedio $100.000\/mes Fabricaci\u00f3n de soldaduras [&hellip;]<\/p>\n","protected":false},"author":1,"featured_media":26,"parent":0,"menu_order":0,"comment_status":"closed","ping_status":"closed","template":"","meta":{"om_disable_all_campaigns":false,"_monsterinsights_skip_tracking":false,"_monsterinsights_sitenote_active":false,"_monsterinsights_sitenote_note":"","_monsterinsights_sitenote_category":0,"footnotes":""},"class_list":["post-97","page","type-page","status-publish","has-post-thumbnail","hentry"],"yoast_head":"<!-- This site is optimized with the Yoast SEO plugin v27.4 - https:\/\/yoast.com\/product\/yoast-seo-wordpress\/ -->\n<title>VALORES - Escuela Joyas<\/title>\n<meta name=\"robots\" content=\"index, follow, max-snippet:-1, max-image-preview:large, max-video-preview:-1\" \/>\n<link rel=\"canonical\" href=\"https:\/\/escuelajoyas.cl\/index.php\/valores\/\" \/>\n<meta property=\"og:locale\" content=\"es_ES\" \/>\n<meta property=\"og:type\" content=\"article\" \/>\n<meta property=\"og:title\" content=\"VALORES - Escuela Joyas\" \/>\n<meta property=\"og:description\" content=\"Nivel 1 Principiante $100.000\/mes Preparaci\u00f3n del metal Proporciones para aleaciones Preparaci\u00f3n y fundici\u00f3n del metal Vaciado del lingote para laminar Fundici\u00f3n y vaciado para alambre Laminado para lamina y alambre Uso de herramientas b\u00e1sicas Soldadura b\u00e1sica Confecci\u00f3n de joya con lo aprendido Inscribirte Nivel 2 Intermedio $100.000\/mes Fabricaci\u00f3n de soldaduras [&hellip;]\" \/>\n<meta property=\"og:url\" content=\"https:\/\/escuelajoyas.cl\/index.php\/valores\/\" \/>\n<meta property=\"og:site_name\" content=\"Escuela Joyas\" \/>\n<meta property=\"article:modified_time\" content=\"2025-06-12T16:32:32+00:00\" \/>\n<meta property=\"og:image\" content=\"https:\/\/escuelajoyas.cl\/wp-content\/uploads\/2019\/05\/Quienes-somos2.jpg\" \/>\n\t<meta property=\"og:image:width\" content=\"1500\" \/>\n\t<meta property=\"og:image:height\" content=\"665\" \/>\n\t<meta property=\"og:image:type\" content=\"image\/jpeg\" \/>\n<meta name=\"twitter:card\" content=\"summary_large_image\" \/>\n<meta name=\"twitter:label1\" content=\"Tiempo estimado de lectura\" \/>\n\t<meta name=\"twitter:data1\" content=\"1 minuto\" \/>\n<script type=\"application\/ld+json\" class=\"yoast-schema-graph\">{\"@context\":\"https:\\\/\\\/schema.org\",\"@graph\":[{\"@type\":\"WebPage\",\"@id\":\"https:\\\/\\\/escuelajoyas.cl\\\/index.php\\\/valores\\\/\",\"url\":\"https:\\\/\\\/escuelajoyas.cl\\\/index.php\\\/valores\\\/\",\"name\":\"VALORES - Escuela Joyas\",\"isPartOf\":{\"@id\":\"https:\\\/\\\/escuelajoyas.cl\\\/#website\"},\"primaryImageOfPage\":{\"@id\":\"https:\\\/\\\/escuelajoyas.cl\\\/index.php\\\/valores\\\/#primaryimage\"},\"image\":{\"@id\":\"https:\\\/\\\/escuelajoyas.cl\\\/index.php\\\/valores\\\/#primaryimage\"},\"thumbnailUrl\":\"https:\\\/\\\/i0.wp.com\\\/escuelajoyas.cl\\\/wp-content\\\/uploads\\\/2019\\\/05\\\/Quienes-somos2.jpg?fit=1500%2C665&ssl=1\",\"datePublished\":\"2019-05-26T21:56:12+00:00\",\"dateModified\":\"2025-06-12T16:32:32+00:00\",\"breadcrumb\":{\"@id\":\"https:\\\/\\\/escuelajoyas.cl\\\/index.php\\\/valores\\\/#breadcrumb\"},\"inLanguage\":\"es-CL\",\"potentialAction\":[{\"@type\":\"ReadAction\",\"target\":[\"https:\\\/\\\/escuelajoyas.cl\\\/index.php\\\/valores\\\/\"]}]},{\"@type\":\"ImageObject\",\"inLanguage\":\"es-CL\",\"@id\":\"https:\\\/\\\/escuelajoyas.cl\\\/index.php\\\/valores\\\/#primaryimage\",\"url\":\"https:\\\/\\\/i0.wp.com\\\/escuelajoyas.cl\\\/wp-content\\\/uploads\\\/2019\\\/05\\\/Quienes-somos2.jpg?fit=1500%2C665&ssl=1\",\"contentUrl\":\"https:\\\/\\\/i0.wp.com\\\/escuelajoyas.cl\\\/wp-content\\\/uploads\\\/2019\\\/05\\\/Quienes-somos2.jpg?fit=1500%2C665&ssl=1\",\"width\":1500,\"height\":665},{\"@type\":\"BreadcrumbList\",\"@id\":\"https:\\\/\\\/escuelajoyas.cl\\\/index.php\\\/valores\\\/#breadcrumb\",\"itemListElement\":[{\"@type\":\"ListItem\",\"position\":1,\"name\":\"Portada\",\"item\":\"https:\\\/\\\/escuelajoyas.cl\\\/\"},{\"@type\":\"ListItem\",\"position\":2,\"name\":\"VALORES\"}]},{\"@type\":\"WebSite\",\"@id\":\"https:\\\/\\\/escuelajoyas.cl\\\/#website\",\"url\":\"https:\\\/\\\/escuelajoyas.cl\\\/\",\"name\":\"Escuela Joyas\",\"description\":\"By Bongain Joyas\",\"publisher\":{\"@id\":\"https:\\\/\\\/escuelajoyas.cl\\\/#organization\"},\"potentialAction\":[{\"@type\":\"SearchAction\",\"target\":{\"@type\":\"EntryPoint\",\"urlTemplate\":\"https:\\\/\\\/escuelajoyas.cl\\\/?s={search_term_string}\"},\"query-input\":{\"@type\":\"PropertyValueSpecification\",\"valueRequired\":true,\"valueName\":\"search_term_string\"}}],\"inLanguage\":\"es-CL\"},{\"@type\":\"Organization\",\"@id\":\"https:\\\/\\\/escuelajoyas.cl\\\/#organization\",\"name\":\"Escuela Joyas\",\"url\":\"https:\\\/\\\/escuelajoyas.cl\\\/\",\"logo\":{\"@type\":\"ImageObject\",\"inLanguage\":\"es-CL\",\"@id\":\"https:\\\/\\\/escuelajoyas.cl\\\/#\\\/schema\\\/logo\\\/image\\\/\",\"url\":\"https:\\\/\\\/i0.wp.com\\\/escuelajoyas.cl\\\/wp-content\\\/uploads\\\/2019\\\/05\\\/cropped-Logo-Transparente-3.png?fit=450%2C131&ssl=1\",\"contentUrl\":\"https:\\\/\\\/i0.wp.com\\\/escuelajoyas.cl\\\/wp-content\\\/uploads\\\/2019\\\/05\\\/cropped-Logo-Transparente-3.png?fit=450%2C131&ssl=1\",\"width\":450,\"height\":131,\"caption\":\"Escuela Joyas\"},\"image\":{\"@id\":\"https:\\\/\\\/escuelajoyas.cl\\\/#\\\/schema\\\/logo\\\/image\\\/\"}}]}<\/script>\n<!-- \/ Yoast SEO plugin. -->","yoast_head_json":{"title":"VALORES - Escuela Joyas","robots":{"index":"index","follow":"follow","max-snippet":"max-snippet:-1","max-image-preview":"max-image-preview:large","max-video-preview":"max-video-preview:-1"},"canonical":"https:\/\/escuelajoyas.cl\/index.php\/valores\/","og_locale":"es_ES","og_type":"article","og_title":"VALORES - Escuela Joyas","og_description":"Nivel 1 Principiante $100.000\/mes Preparaci\u00f3n del metal Proporciones para aleaciones Preparaci\u00f3n y fundici\u00f3n del metal Vaciado del lingote para laminar Fundici\u00f3n y vaciado para alambre Laminado para lamina y alambre Uso de herramientas b\u00e1sicas Soldadura b\u00e1sica Confecci\u00f3n de joya con lo aprendido Inscribirte Nivel 2 Intermedio $100.000\/mes Fabricaci\u00f3n de soldaduras [&hellip;]","og_url":"https:\/\/escuelajoyas.cl\/index.php\/valores\/","og_site_name":"Escuela Joyas","article_modified_time":"2025-06-12T16:32:32+00:00","og_image":[{"width":1500,"height":665,"url":"https:\/\/escuelajoyas.cl\/wp-content\/uploads\/2019\/05\/Quienes-somos2.jpg","type":"image\/jpeg"}],"twitter_card":"summary_large_image","twitter_misc":{"Tiempo estimado de lectura":"1 minuto"},"schema":{"@context":"https:\/\/schema.org","@graph":[{"@type":"WebPage","@id":"https:\/\/escuelajoyas.cl\/index.php\/valores\/","url":"https:\/\/escuelajoyas.cl\/index.php\/valores\/","name":"VALORES - Escuela Joyas","isPartOf":{"@id":"https:\/\/escuelajoyas.cl\/#website"},"primaryImageOfPage":{"@id":"https:\/\/escuelajoyas.cl\/index.php\/valores\/#primaryimage"},"image":{"@id":"https:\/\/escuelajoyas.cl\/index.php\/valores\/#primaryimage"},"thumbnailUrl":"https:\/\/i0.wp.com\/escuelajoyas.cl\/wp-content\/uploads\/2019\/05\/Quienes-somos2.jpg?fit=1500%2C665&ssl=1","datePublished":"2019-05-26T21:56:12+00:00","dateModified":"2025-06-12T16:32:32+00:00","breadcrumb":{"@id":"https:\/\/escuelajoyas.cl\/index.php\/valores\/#breadcrumb"},"inLanguage":"es-CL","potentialAction":[{"@type":"ReadAction","target":["https:\/\/escuelajoyas.cl\/index.php\/valores\/"]}]},{"@type":"ImageObject","inLanguage":"es-CL","@id":"https:\/\/escuelajoyas.cl\/index.php\/valores\/#primaryimage","url":"https:\/\/i0.wp.com\/escuelajoyas.cl\/wp-content\/uploads\/2019\/05\/Quienes-somos2.jpg?fit=1500%2C665&ssl=1","contentUrl":"https:\/\/i0.wp.com\/escuelajoyas.cl\/wp-content\/uploads\/2019\/05\/Quienes-somos2.jpg?fit=1500%2C665&ssl=1","width":1500,"height":665},{"@type":"BreadcrumbList","@id":"https:\/\/escuelajoyas.cl\/index.php\/valores\/#breadcrumb","itemListElement":[{"@type":"ListItem","position":1,"name":"Portada","item":"https:\/\/escuelajoyas.cl\/"},{"@type":"ListItem","position":2,"name":"VALORES"}]},{"@type":"WebSite","@id":"https:\/\/escuelajoyas.cl\/#website","url":"https:\/\/escuelajoyas.cl\/","name":"Escuela Joyas","description":"By Bongain Joyas","publisher":{"@id":"https:\/\/escuelajoyas.cl\/#organization"},"potentialAction":[{"@type":"SearchAction","target":{"@type":"EntryPoint","urlTemplate":"https:\/\/escuelajoyas.cl\/?s={search_term_string}"},"query-input":{"@type":"PropertyValueSpecification","valueRequired":true,"valueName":"search_term_string"}}],"inLanguage":"es-CL"},{"@type":"Organization","@id":"https:\/\/escuelajoyas.cl\/#organization","name":"Escuela Joyas","url":"https:\/\/escuelajoyas.cl\/","logo":{"@type":"ImageObject","inLanguage":"es-CL","@id":"https:\/\/escuelajoyas.cl\/#\/schema\/logo\/image\/","url":"https:\/\/i0.wp.com\/escuelajoyas.cl\/wp-content\/uploads\/2019\/05\/cropped-Logo-Transparente-3.png?fit=450%2C131&ssl=1","contentUrl":"https:\/\/i0.wp.com\/escuelajoyas.cl\/wp-content\/uploads\/2019\/05\/cropped-Logo-Transparente-3.png?fit=450%2C131&ssl=1","width":450,"height":131,"caption":"Escuela Joyas"},"image":{"@id":"https:\/\/escuelajoyas.cl\/#\/schema\/logo\/image\/"}}]}},"jetpack_sharing_enabled":true,"_links":{"self":[{"href":"https:\/\/escuelajoyas.cl\/index.php\/wp-json\/wp\/v2\/pages\/97","targetHints":{"allow":["GET"]}}],"collection":[{"href":"https:\/\/escuelajoyas.cl\/index.php\/wp-json\/wp\/v2\/pages"}],"about":[{"href":"https:\/\/escuelajoyas.cl\/index.php\/wp-json\/wp\/v2\/types\/page"}],"author":[{"embeddable":true,"href":"https:\/\/escuelajoyas.cl\/index.php\/wp-json\/wp\/v2\/users\/1"}],"replies":[{"embeddable":true,"href":"https:\/\/escuelajoyas.cl\/index.php\/wp-json\/wp\/v2\/comments?post=97"}],"version-history":[{"count":11,"href":"https:\/\/escuelajoyas.cl\/index.php\/wp-json\/wp\/v2\/pages\/97\/revisions"}],"predecessor-version":[{"id":219,"href":"https:\/\/escuelajoyas.cl\/index.php\/wp-json\/wp\/v2\/pages\/97\/revisions\/219"}],"wp:featuredmedia":[{"embeddable":true,"href":"https:\/\/escuelajoyas.cl\/index.php\/wp-json\/wp\/v2\/media\/26"}],"wp:attachment":[{"href":"https:\/\/escuelajoyas.cl\/index.php\/wp-json\/wp\/v2\/media?parent=97"}],"curies":[{"name":"wp","href":"https:\/\/api.w.org\/{rel}","templated":true}]}}